b - 14 = -2*l, 3*l = 3*b + 2*b + 2. Suppose n - a + 2 = 0, -1 + 7 = b*a. Let z(q) be the third derivative of q**4/6 - q**3/6 - q**2. Give z(n).
3
Let x(g) = 19*g - 8*g - 1 + 0*g**2 - 7*g - g**2. Let k(r) = -5 + r - 1 - r + 2*r. Let f be k(4). Give x(f).
3
Let b(v) = v**3 - 11*v**2 + 10*v. Let c(t) = -t**2 + 31*t + 10. Let w be c(31). Determine b(w).
0
Let g(z) be the first derivative of -z**2/2 + 2*z - 1. Let h(f) = 7*f + 29. Let p be h(-15). Let c = -73 - p. Give g(c).
-1
Let x(r) = 9*r**2 + 3*r - 1. Suppose a - 2*a - 1 = 3*n, -2*n + 6 = 4*a. What is x(a)?
41
Let p be (6/2 + -3)/2. Suppose 2*x + 4*g + 32 = -p*g, x = 5*g + 5. Let n be (-6)/(-10) - 4/x. Let i(c) = 9*c. Determine i(n).
9
Let o be (13 - 4) + -3 + 0. Let s(v) = -9 + 7*v + 2 - 2*v**2 + 0*v**2 + 1. Let b(g) = g**2 - 3*g + 3. Let j(m) = 5*b(m) + 3*s(m). What is j(o)?
-3
Let m(y) be the first derivative of 4*y - 2/3*y**3 + 2 - 5/2*y**2. Suppose 0 = 4*f - 56 + 72. Give m(f).
-8
Let n(k) = -k - 14. Let p(w) = 2*w + 29. Let x(z) = -1 + 3*z**3 - 2*z**3 - 1 - 2*z**2. Let h be x(3). Let j(i) = h*n(i) + 3*p(i). Give j(-6).
-5
Let i = 21 - 17. Let g(w) = 5*w**2 + 10*w. Suppose 19 + 5 = -4*n. Let u(h) = -h**2 - h - 1. Let m(l) = n*u(l) - g(l). Give m(i).
6
Let z(u) be the first derivative of u**3/3 - 3*u**2/2 + u + 1. Suppose 3*o + 36 = 3*g, -5*g - 5*o = -0*g - 60. Suppose g = 5*t + 2. What is z(t)?
-1
Let m(z) = -z**2 + 7*z + 1. Let v = 82 - 75. Calculate m(v).
1
Let y(g) = g - 4. Suppose -4*l - 28 = -5*d, 1 = -4*d + 2*l + 21. Determine y(d).
0
Let r be (-1 - 15)*5/10. Let y(x) = -3*x**2 - 4*x + 27. Let f(g) = -g**2 - g + 9. Let i(l) = -17*f(l) + 6*y(l). Calculate i(r).
1
Let v(k) = -7*k + 10. Let j be (44 + -40)*(-7)/(-4). Determine v(j).
-39
Let h(s) = -552*s - 26 - 1 + 556*s. Give h(5).
-7
Let u(l) = 36*l - 32. Let s(g) = 13*g - 11. Let c(n) = -11*s(n) + 4*u(n). Calculate c(9).
2
Let v(m) = 551*m**3 + m**2 + 6 - 6*m**2 - 565*m**3 - 3. Let n(j) = 5*j**3 + 2*j**2 - 1. Let k(g) = -11*n(g) - 4*v(g). Determine k(2).
-1
Let r(y) = -y**3 - y**2 - y + 1. Let q(k) = -k - 4. Let i be q(-4). Let o be r(i). Suppose 4*s - o = -5. Let d(p) = -4*p**2 - 1. Give d(s).
-5
Suppose 11 = 7*k - 3. Let b(q) = -28*q + 7 + 33*q + 2*q**2 - 3*q**k. Give b(5).
7
Let t(a) = 5*a - 1 + 1 + 3. Let n(g) = 4*g - 14. Let c(p) = p + 7. Let h be c(-4). Let x be n(h). Determine t(x).
-7
Let u(w) = 3*w - 32. Let i(v) = -v**3 + 7*v**2 + 6*v + 26. Let h be i(8). What is u(h)?
-2
Let v(b) = -12*b - 1 - 2 - 2 + 11*b. Determine v(-4).
-1
Suppose -15*m = -11*m - 12. Let r(w) = -9*w - w + 3*w**m - w**2 + 7*w - 4 - 2*w**3. Suppose 0 = 3*z - 4*z + 3. Determine r(z).
5
Let a(l) = l**2 - 6*l + 3. Let p be a(6). Let i(s) be the third derivative of s**4/12 + s**3/3 + 2151*s**2. What is i(p)?
8
Suppose q - 23 = 5*z + 10, 4*z = 3*q - 33. Let r(v) = -v**2 - 8*v - 6. What is r(z)?
6
Let y(s) = -6*s**2 + 2*s - 1. Let g be y(1). Suppose -q - 5*f - 15 = -f, 4*q + f + 30 = 0. Let m = q - g. Let k(x) = x**2 + 3*x + 1. Calculate k(m).
-1
Let v(u) = -u + 9. Let j = 15 + -10. Suppose -j*w + 3*w - 2 = 0. Let c be (-5 - -8) + -2 + w. Determine v(c).
9
Suppose k - 3*k = -46. Let m = k + -32. Let g = 3 + m. Let z(d) = -d**2 - 7*d - 7. What is z(g)?
-1
Let f(y) = y**2 + 6*y - 9. Let o be f(-8). Let c(z) be the first derivative of z**2/2 - 13*z - 2. What is c(o)?
-6
Let t(c) = 1 - c - 1. Let x be 1 + (2 - -3 - 3). Suppose 0 = -r + x*r. What is t(r)?
0
Let c(i) = i**2 - 1. Let f(t) = 5*t**2 - 18*t + 16. Let h(p) = -6*c(p) + f(p). Give h(-19).
3
Let t(m) = -4*m**2 - 9*m - 2. Let v(w) = -21*w**2 - 46*w - 9. Let b(r) = -11*t(r) + 2*v(r). Let a = -33 + 23. Let j = a + 6. Give b(j).
8
Let h(r) = 0*r**3 - 6 + r**3 - 7*r**2 - 116*r + 125*r. What is h(6)?
12
Let z(t) = 0 - t**2 - 7 - 3. Let n = 12 - 7. Suppose -3*j - 3 = 2*f, n*j + 5 = -5*f + 2*f. Give z(f).
-10
Let b(j) = 24*j**2 - j + 1. Let p(r) = r**3 + 4*r**2 - 11*r + 7. Let v be p(-6). Give b(v).
24
Suppose -9*j = 6*j - 30. Let w(p) = 2*p**2 + 2*p + 5. Let k(z) = 2*z**2 + 2*z + 6. Let f(q) = 5*k(q) - 6*w(q). Determine f(j).
-12
Let w(s) = 2*s**3 - s**2 + 1. Let j(k) = -9*k**3 + 10*k**2 - 4*k - 7. Let l(v) = j(v) + 5*w(v). What is l(-6)?
-14
Let m = 6 + -13. Let s(q) = 2*q + 13. Let b = -25 + 30. Let y(t) = 2*t + 14. Let k(z) = b*s(z) - 4*y(z). What is k(m)?
-5
Let g(k) = -k**2 + 10*k - 3. Suppose 63*p - 61*p = 18. Give g(p).
6
Let w(s) = 2*s - 5. Let f(g) = g**2 + 20*g + 64. Let y be f(-16). What is w(y)?
-5
Let b(o) = 12*o + 9*o - 37 + 11*o - 26*o. Determine b(6).
-1
Let t(f) be the first derivative of f**4/4 + 7*f**3/3 - 7*f**2/2 - 6*f + 21. Calculate t(-8).
-14
Suppose 2*s - 2*t - t = -2, 3*s = t - 10. Let u be (-4)/(-11)*(-22)/s. Let a(o) = o**2 + o - 2. Give a(u).
4
Let q(a) be the third derivative of -a**6/120 - 7*a**5/60 + a**3/2 - 91*a**2. Give q(-7).
3
Let o(h) = h - 10. Let x(v) = v**2 + 40*v + 139. Let u be x(-36). Let m(d) = -5*d + 2. Let n be m(-2). Let w = n + u. Determine o(w).
-3
Let u(c) be the second derivative of -c**3/3 + 4*c**2 + 33*c. Suppose 0 = -6*d + 3*d. Let h(r) = -r**2 + 6. Let t be h(d). What is u(t)?
-4
Let q(u) = -8*u**3 - u - 1. Let d be (1 - 4)/(-18) + (-42)/36. Calculate q(d).
8
Let h(s) = -s**3 - s**2 + 5*s - 7. Let c(o) = o**3 + 2*o**2 - 5*o + 8. Suppose 5*v = -1 + 16. Let q(y) = v*c(y) + 4*h(y). What is q(3)?
2
Let b(j) = -8*j - 6. Let d be b(-1). Let m(y) be the first derivative of -4 + 8*y + 1/2*y**d. Determine m(-6).
2
Let g be (2 - 1)/((-3)/(-9)). Suppose 0*s = s + g. Let z be (3 + -1)*s/(-6). Let r(u) = 3*u**3 + 2*u**2 - 2*u + 1. Give r(z).
4
Let i(k) = 3*k**2 + 15*k + 25. Let a(u) = 2*u**2 + 8*u + 14. Let h(c) = -5*a(c) + 3*i(c). Let x(g) = -g**3 + 6. Let v be x(0). Determine h(v).
-1
Let i(j) = 2*j**3 + 7*j**2 - j**3 + j + 5*j + 1. Let o be (10/(-4))/(-5)*10. Suppose -o*q - 30 = -4*v, -6 = -2*q + 3*q - 5*v. Give i(q).
1
Let r(i) = -i + 10. Suppose 32 = 3*k + 2*s, -12*k + s + 50 = -8*k. Calculate r(k).
-2
Let a be 52/6 + (-2)/3. Let j = 4 - a. Let r(s) = s**3 + 4*s**2 + 12*s - 1. Let f(d) = -3*d**3 - 12*d**2 - 32*d + 3. Let q(c) = 3*f(c) + 8*r(c). Give q(j).
1
Let o(m) = -2*m**3 - 5*m - 3*m**2 + 87 + m**3 + 92 - 186 + 2*m**3. What is o(4)?
-11
Let w = -9 + 15. Let b(i) be the first derivative of i**2/2 - 2*i + 281. What is b(w)?
4
Let c(y) = 5 - 6*y - 1 + 5*y - 2*y + 4*y. Calculate c(-8).
-4
Let r be (-13)/(-2) - (-16 + 22). Let z(k) be the second derivative of 2/3*k**3 - 4*k + 0 - r*k**2. What is z(-2)?
-9
Let k(c) = 5*c + 65. Let l(r) = r + 15. Let u(h) = -2*k(h) + 9*l(h). Determine u(-6).
11
Let x(b) = -b**3 - 5*b**2 + 6*b + 5. Let v be 12/8*16/12. Suppose v*j - 4 + 16 = 0. Determine x(j).
5
Let h = 113 - 111. Suppose -h*s - 9 = -3. Let j(b) = 2*b**2 + 3*b + 1. Calculate j(s).
10
Let w(n) = 2*n**2 + n. Let z(c) = -2*c**3 + 11*c**2 + 8*c - 1. Let q(h) = 6*w(h) - z(h). Let u(k) = k - 2. Let x be u(0). Determine q(x).
-7
Let t(l) = l**3 - l**2 + 1. Suppose -6*c + 4*c + 24 = 0. Let j = 15 - c. Let o be -2 + j + (-1)/(-1). Give t(o).
5
Let w(y) = -y**2 - 10*y - 6. Let t(b) = b**3 + 4*b**2 - 67*b - 322. Let v be t(-5). Calculate w(v).
-30
Let v(g) be the second derivative of -g**3/6 - 2*g**2 + 25*g. Suppose 13*o = -105 + 27. Give v(o).
2
Let s(c) = -c**2 + 6*c + 8. Suppose 4*x = 3*x. Suppose -3*f + 4*a + 15 = 0, -2*a - 10 + x = -2*f. Suppose 4*q + f*n - 19 = -0*q, 2*q - 5*n = 17. Give s(q).
8
Let h(r) = r**3 - 4*r**2 + 3*r - 4. Let c = 9 - 1. Let w(i) = 2*i - 14. Let f be w(c). Suppose -f = 2*t - 10. Determine h(t).
8
Let p be (42/(-15))/((-1)/10). Let o = p - 20. Let v(u) = -5*u**2 + 1 - o*u + u**2 + 2*u**2 - 5. Give v(-5).
-14
Let r be (-4 - -1) + -1 + 1. Let p(s) be the third derivative of -s**6/120 - s**5/15 - 5*s**4/24 - s**3/2 - 77*s**2. Determine p(r).
3
Suppose -3 - 5 = -2*o. Suppose o*b = 3*d + 1 - 11, -5*d + 36 = 3*b. Let g(t) be the first derivative of -t**3/3 + 4*t**2 - t + 1. Give g(d).
11
Let s be 0 - (-1)/(-2)*-4. Let z(h) = h + h**s - 33 + 33. Determine z(4).
20
Let p(v) be the third derivative of 2/3*v**3 + 0 - 8*v**2 + 0*v - 1/12*v**4. Suppose 0 = -4*q + 12 - 0. Calculate p(q).
-2
Let d(f) = 3*f + 48. Let a(b) = b**3 + 2*b**2 - 11*b + 2. Let g be a(-5). Calculate d(g).
-6
Suppose -3*n + 5*v - 3*v = -28, 4*n = -3*v + 9. Let b(w) = -7 - 9*w - 12*w**3 